{"id":26252,"date":"2023-05-09T15:26:34","date_gmt":"2023-05-09T14:26:34","guid":{"rendered":"http:\/\/llevantactualitat.cat\/nosotros\/"},"modified":"2024-02-26T16:20:45","modified_gmt":"2024-02-26T15:20:45","slug":"nosotros","status":"publish","type":"page","link":"https:\/\/llevantactualitat.cat\/es\/nosotros\/","title":{"rendered":"Nosotros"},"content":{"rendered":"<p>[et_pb_section fb_built=&#8221;1&#8243; _builder_version=&#8221;4.16&#8243; width=&#8221;100%&#8221; bottom_divider_color=&#8221;#9fbadc&#8221; bottom_divider_height_tablet=&#8221;&#8221; bottom_divider_height_phone=&#8221;50px&#8221; bottom_divider_height_last_edited=&#8221;on|desktop&#8221; global_colors_info=&#8221;{}&#8221;][et_pb_row _builder_version=&#8221;4.16&#8243; background_color=&#8221;RGBA(0,0,0,0)&#8221; width=&#8221;95%&#8221; module_alignment=&#8221;right&#8221; custom_padding=&#8221;0px|0px|0px|0px|false|false&#8221; global_colors_info=&#8221;{}&#8221;][et_pb_column type=&#8221;4_4&#8243; _builder_version=&#8221;4.16&#8243; background_color=&#8221;RGBA(0,0,0,0)&#8221; custom_padding=&#8221;10px||10px|35px|false|false&#8221; global_colors_info=&#8221;{}&#8221;][et_pb_text _builder_version=&#8221;4.16&#8243; module_alignment=&#8221;left&#8221; custom_padding=&#8221;0px|0px|0px|0px|false|false&#8221; global_colors_info=&#8221;{}&#8221;]<\/p>\n<h1>El equipo de Llevant Actualitat<\/h1>\n<p>[\/et_pb_text][\/et_pb_column][\/et_pb_row][et_pb_row column_structure=&#8221;1_3,1_3,1_3&#8243; _builder_version=&#8221;4.16&#8243; custom_margin=&#8221;||5%||false|false&#8221; custom_margin_tablet=&#8221;&#8221; custom_margin_phone=&#8221;||10%||false|false&#8221; custom_margin_last_edited=&#8221;on|phone&#8221; global_colors_info=&#8221;{}&#8221;][et_pb_column type=&#8221;1_3&#8243; _builder_version=&#8221;4.16&#8243; global_colors_info=&#8221;{}&#8221;][et_pb_blurb title=&#8221;Jordi Salvat Rovira&#8221; image=&#8221;https:\/\/llevantactualitat.cat\/wp-content\/uploads\/2023\/04\/salvat-e1676977438777.jpeg&#8221; _builder_version=&#8221;4.16&#8243; header_font=&#8221;|700|||||||&#8221; global_colors_info=&#8221;{}&#8221;]<\/p>\n<p><em>Director<\/em><\/p>\n<p>Periodista freelance. Socio fundador y director del peri\u00f3dico mensual Torredembarra Actualitat.<\/p>\n<p>Asesora y desarrolla proyectos de comunicaci\u00f3n 2.0 y de redes sociales. Ofrece<br \/>asesoramiento en estrategia pol\u00edtica y comunicaci\u00f3n empresarial e institucional, ya sea interna o externa. Planes de comunicaci\u00f3n integral y campa\u00f1as electorales.<\/p>\n<p>Experiencia en el Diari Ara, Gabinete de Comunicaci\u00f3n del Consejo Comarcal del Alt Camp, Ayuntamiento de Reus, Diari Aqu\u00ed, M\u00e9s Tarragona, Ona la Torre, El Punt Avui, Wanadoo, entre otros.<\/p>\n<p>&nbsp;<\/p>\n<p>[\/et_pb_blurb][et_pb_text _builder_version=&#8221;4.21.0&#8243; global_colors_info=&#8221;{}&#8221;]<\/p>\n<p><a href=\"mailto:direccio@tdbactualitat.cat\"><span class=\"et-pb-icon\" style=\"font-size: inherit;\">\ue010<\/span><\/a><a href=\"mailto:direccio@llevantactualitat.com\"> direccio@llevantactualitat.com<\/a><\/p>\n<p>[\/et_pb_text][\/et_pb_column][et_pb_column type=&#8221;1_3&#8243; _builder_version=&#8221;4.16&#8243; global_colors_info=&#8221;{}&#8221;][et_pb_blurb title=&#8221;Albert Jans\u00e0 Bairaguet&#8221; image=&#8221;https:\/\/llevantactualitat.cat\/wp-content\/uploads\/2023\/04\/albert-jansa-1.jpg&#8221; _builder_version=&#8221;4.16&#8243; header_font=&#8221;|700|||||||&#8221; global_colors_info=&#8221;{}&#8221;]<\/p>\n<p><em>Gerente<\/em><\/p>\n<p>Periodista. Socio fundador y gerente del peri\u00f3dico mensual Torredembarra Actualitat. Dirige al<br \/>Departamento de Comunicaci\u00f3n del Ayuntamiento de Altafulla. Ofrece asesoramiento en estrategia<br \/>pol\u00edtica y comunicaci\u00f3n empresarial e institucional.<\/p>\n<p>Experiencia en la Xarxa de Televisions i R\u00e0dios Locals, Altafulla R\u00e0dio, La Xarxa, TAC 12, diari El Punt Avui, Ona Catalana, Heraldo de Arag\u00f3n, Silva Editorial, Mediterr\u00e0nia CIE, entre otros. Estudios Superiores en Direcci\u00f3n y Administraci\u00f3n<br \/>de Empresas.<\/p>\n<p>[\/et_pb_blurb][et_pb_text _builder_version=&#8221;4.21.0&#8243; global_colors_info=&#8221;{}&#8221;]<\/p>\n<p><a href=\"mailto:administracio@llevantactualitat.com\"><\/a><a href=\"mailto:direccio@tdbactualitat.cat\"><span class=\"et-pb-icon\" style=\"font-size: inherit;\">\ue010<\/span><\/a><a href=\"mailto:administracio@llevantactualitat.com\"> administracio@llevantactualitat.com<\/a><\/p>\n<p>[\/et_pb_text][\/et_pb_column][et_pb_column type=&#8221;1_3&#8243; _builder_version=&#8221;4.16&#8243; global_colors_info=&#8221;{}&#8221;][et_pb_blurb title=&#8221;Pere Gom\u00e9s Miquel&#8221; image=&#8221;https:\/\/llevantactualitat.cat\/wp-content\/uploads\/2023\/04\/peregomes-e1676977308314.jpg&#8221; _builder_version=&#8221;4.16&#8243; header_font=&#8221;|700|||||||&#8221; global_colors_info=&#8221;{}&#8221;]<\/p>\n<p><em>Jefe de publicidad<\/em><\/p>\n<p>Experto en crecimiento y desarrollo de negocio. Extensa trayectoria profesional como director comercial, de expansi\u00f3n y marketing en m\u00faltiples empresas de sectores diversos.<\/p>\n<p>Tambi\u00e9n es sommelier profesional y habla catal\u00e1n, castellano, franc\u00e9s, alem\u00e1n, ingl\u00e9s y ruso.<\/p>\n<p>[\/et_pb_blurb][et_pb_text _builder_version=&#8221;4.21.0&#8243; global_colors_info=&#8221;{}&#8221;]<\/p>\n<p><a href=\"mailto:publicitat@llevantactualitat.com\"><\/a><a href=\"mailto:direccio@tdbactualitat.cat\"><span class=\"et-pb-icon\" style=\"font-size: inherit;\">\ue010<\/span><\/a><a href=\"mailto:publicitat@llevantactualitat.com\"> publicitat@llevantactualitat.com<\/a><\/p>\n<p>[\/et_pb_text][\/et_pb_column][\/et_pb_row][\/et_pb_section]<\/p>\n","protected":false},"excerpt":{"rendered":"<p>El equipo de Llevant ActualitatDirector Periodista freelance. Socio fundador y director del peri\u00f3dico mensual Torredembarra Actualitat. Asesora y desarrolla proyectos de comunicaci\u00f3n 2.0 y de redes sociales. Ofreceasesoramiento en estrategia pol\u00edtica y comunicaci\u00f3n empresarial e institucional, ya sea interna o externa. Planes de comunicaci\u00f3n integral y campa\u00f1as electorales. Experiencia en [&hellip;]<\/p>\n","protected":false},"author":1,"featured_media":0,"parent":0,"menu_order":0,"comment_status":"closed","ping_status":"closed","template":"","meta":{"_et_pb_use_builder":"on","_et_pb_old_content":"","_et_gb_content_width":"","inline_featured_image":false,"footnotes":""},"dipi_cpt_category":[],"class_list":["post-26252","page","type-page","status-publish","hentry"],"_links":{"self":[{"href":"https:\/\/llevantactualitat.cat\/es\/wp-json\/wp\/v2\/pages\/26252","targetHints":{"allow":["GET"]}}],"collection":[{"href":"https:\/\/llevantactualitat.cat\/es\/wp-json\/wp\/v2\/pages"}],"about":[{"href":"https:\/\/llevantactualitat.cat\/es\/wp-json\/wp\/v2\/types\/page"}],"author":[{"embeddable":true,"href":"https:\/\/llevantactualitat.cat\/es\/wp-json\/wp\/v2\/users\/1"}],"replies":[{"embeddable":true,"href":"https:\/\/llevantactualitat.cat\/es\/wp-json\/wp\/v2\/comments?post=26252"}],"version-history":[{"count":11,"href":"https:\/\/llevantactualitat.cat\/es\/wp-json\/wp\/v2\/pages\/26252\/revisions"}],"predecessor-version":[{"id":26556,"href":"https:\/\/llevantactualitat.cat\/es\/wp-json\/wp\/v2\/pages\/26252\/revisions\/26556"}],"wp:attachment":[{"href":"https:\/\/llevantactualitat.cat\/es\/wp-json\/wp\/v2\/media?parent=26252"}],"wp:term":[{"taxonomy":"dipi_cpt_category","embeddable":true,"href":"https:\/\/llevantactualitat.cat\/es\/wp-json\/wp\/v2\/dipi_cpt_category?post=26252"}],"curies":[{"name":"wp","href":"https:\/\/api.w.org\/{rel}","templated":true}]}}

<p>[et_pb_section fb_built=&#8221;1&#8243; _builder_version=&#8221;4.16&#8243; width=&#8221;100%&#8221; bottom_divider_color=&#8221;#9fbadc&#8221; bottom_divider_height_tablet=&#8221;&#8221; bottom_divider_height_phone=&#8221;50px&#8221; bottom_divider_height_last_edited=&#8221;on|desktop&#8221; global_colors_info=&#8221;{}&#8221;][et_pb_row _builder_version=&#8221;4.16&#8243; background_color=&#8221;RGBA(0,0,0,0)&#8221; width=&#8221;95%&#8221; module_alignment=&#8221;right&#8221; custom_padding=&#8221;0px|0px|0px|0px|false|false&#8221; global_colors_info=&#8221;{}&#8221;][et_pb_column type=&#8221;4_4&#8243; _builder_version=&#8221;4.16&#8243; background_color=&#8221;RGBA(0,0,0,0)&#8221; custom_padding=&#8221;10px||10px|35px|false|false&#8221; global_colors_info=&#8221;{}&#8221;][et_pb_text _builder_version=&#8221;4.16&#8243; module_alignment=&#8221;left&#8221; custom_padding=&#8221;0px|0px|0px|0px|false|false&#8221; global_colors_info=&#8221;{}&#8221;]</p>
<h1>El equipo de Llevant Actualitat</h1>
<p>[/et_pb_text][/et_pb_column][/et_pb_row][et_pb_row column_structure=&#8221;1_3,1_3,1_3&#8243; _builder_version=&#8221;4.16&#8243; custom_margin=&#8221;||5%||false|false&#8221; custom_margin_tablet=&#8221;&#8221; custom_margin_phone=&#8221;||10%||false|false&#8221; custom_margin_last_edited=&#8221;on|phone&#8221; global_colors_info=&#8221;{}&#8221;][et_pb_column type=&#8221;1_3&#8243; _builder_version=&#8221;4.16&#8243; global_colors_info=&#8221;{}&#8221;][et_pb_blurb title=&#8221;Jordi Salvat Rovira&#8221; image=&#8221;https://llevantactualitat.cat/wp-content/uploads/2023/04/salvat-e1676977438777.jpeg&#8221; _builder_version=&#8221;4.16&#8243; header_font=&#8221;|700|||||||&#8221; global_colors_info=&#8221;{}&#8221;]</p>
<p><em>Director</em></p>
<p>Periodista freelance. Socio fundador y director del periódico mensual Torredembarra Actualitat.</p>
<p>Asesora y desarrolla proyectos de comunicación 2.0 y de redes sociales. Ofrece<br />asesoramiento en estrategia política y comunicación empresarial e institucional, ya sea interna o externa. Planes de comunicación integral y campañas electorales.</p>
<p>Experiencia en el Diari Ara, Gabinete de Comunicación del Consejo Comarcal del Alt Camp, Ayuntamiento de Reus, Diari Aquí, Més Tarragona, Ona la Torre, El Punt Avui, Wanadoo, entre otros.</p>
<p>&nbsp;</p>
<p>[/et_pb_blurb][et_pb_text _builder_version=&#8221;4.21.0&#8243; global_colors_info=&#8221;{}&#8221;]</p>
<p><a href="mailto:direccio@tdbactualitat.cat"><span class="et-pb-icon" style="font-size: inherit;"></span></a><a href="mailto:direccio@llevantactualitat.com"> direccio@llevantactualitat.com</a></p>
<p>[/et_pb_text][/et_pb_column][et_pb_column type=&#8221;1_3&#8243; _builder_version=&#8221;4.16&#8243; global_colors_info=&#8221;{}&#8221;][et_pb_blurb title=&#8221;Albert Jansà Bairaguet&#8221; image=&#8221;https://llevantactualitat.cat/wp-content/uploads/2023/04/albert-jansa-1.jpg&#8221; _builder_version=&#8221;4.16&#8243; header_font=&#8221;|700|||||||&#8221; global_colors_info=&#8221;{}&#8221;]</p>
<p><em>Gerente</em></p>
<p>Periodista. Socio fundador y gerente del periódico mensual Torredembarra Actualitat. Dirige al<br />Departamento de Comunicación del Ayuntamiento de Altafulla. Ofrece asesoramiento en estrategia<br />política y comunicación empresarial e institucional.</p>
<p>Experiencia en la Xarxa de Televisions i Ràdios Locals, Altafulla Ràdio, La Xarxa, TAC 12, diari El Punt Avui, Ona Catalana, Heraldo de Aragón, Silva Editorial, Mediterrània CIE, entre otros. Estudios Superiores en Dirección y Administración<br />de Empresas.</p>
<p>[/et_pb_blurb][et_pb_text _builder_version=&#8221;4.21.0&#8243; global_colors_info=&#8221;{}&#8221;]</p>
<p><a href="mailto:administracio@llevantactualitat.com"></a><a href="mailto:direccio@tdbactualitat.cat"><span class="et-pb-icon" style="font-size: inherit;"></span></a><a href="mailto:administracio@llevantactualitat.com"> administracio@llevantactualitat.com</a></p>
<p>[/et_pb_text][/et_pb_column][et_pb_column type=&#8221;1_3&#8243; _builder_version=&#8221;4.16&#8243; global_colors_info=&#8221;{}&#8221;][et_pb_blurb title=&#8221;Pere Gomés Miquel&#8221; image=&#8221;https://llevantactualitat.cat/wp-content/uploads/2023/04/peregomes-e1676977308314.jpg&#8221; _builder_version=&#8221;4.16&#8243; header_font=&#8221;|700|||||||&#8221; global_colors_info=&#8221;{}&#8221;]</p>
<p><em>Jefe de publicidad</em></p>
<p>Experto en crecimiento y desarrollo de negocio. Extensa trayectoria profesional como director comercial, de expansión y marketing en múltiples empresas de sectores diversos.</p>
<p>También es sommelier profesional y habla catalán, castellano, francés, alemán, inglés y ruso.</p>
<p>[/et_pb_blurb][et_pb_text _builder_version=&#8221;4.21.0&#8243; global_colors_info=&#8221;{}&#8221;]</p>
<p><a href="mailto:publicitat@llevantactualitat.com"></a><a href="mailto:direccio@tdbactualitat.cat"><span class="et-pb-icon" style="font-size: inherit;"></span></a><a href="mailto:publicitat@llevantactualitat.com"> publicitat@llevantactualitat.com</a></p>
<p>[/et_pb_text][/et_pb_column][/et_pb_row][/et_pb_section]</p>

<p>El equipo de Llevant ActualitatDirector Periodista freelance. Socio fundador y director del periódico mensual Torredembarra Actualitat. Asesora y desarrolla proyectos de comunicación 2.0 y de redes sociales. Ofreceasesoramiento en estrategia política y comunicación empresarial e institucional, ya sea interna o externa. Planes de comunicación integral y campañas electorales. Experiencia en [&hellip;]</p>
